 of d?
7
What is the hundreds digit of 2944/12 - (-7)/(42/4)?
2
Suppose 0 = 15*z + 4642 - 15772. What is the tens digit of z?
4
What is the units digit of (3/12)/((-15)/(-22020))?
7
Let z(w) = w**2 - 4*w + 184. What is the tens digit of z(0)?
8
Let y be (-3 + -3 + 4)*2. Let p(s) = -3*s - 2. Let z(l) = 1. Let k(i) = p(i) + 6*z(i). What is the tens digit of k(y)?
1
Suppose -1336 = 127*z - 131*z. What is the tens digit of z?
3
Let y = 218 + 943. What is the thousands digit of y?
1
Let g = 9 - 0. Let t be 10/4 + g/(-6). Let x(m) = 25*m**3 - m + 1. What is the units digit of x(t)?
5
Suppose 0 = -b + 21 - 19. Suppose -5*s + r = -390, -b*s = 4*r - 110 - 46. What is the units digit of s?
8
What is the tens digit of ((-6385)/10)/(2/(-4))?
7
Let w(r) = 2*r**2 - 23*r + 47. What is the units digit of w(16)?
1
Let o(f) = 63*f**2 + f - 1. What is the units digit of o(-2)?
9
Suppose -i = 2*i + 2*j + 4, -4*j - 26 = -3*i. Suppose -4*t + o = -127, i*t - 16 = 5*o + 43. What is the units digit of t?
2
Let d = 64 - 118. Let n = -23 - d. What is the units digit of n?
1
Let x(r) = -r + 2. Let k(j) be the first derivative of -j**2/2 + 3*j + 1. Let y(b) = -6*k(b) + 13*x(b). What is the units digit of y(-5)?
3
Let l = 1 + -12. Let g = 22 + l. Suppose 2*u - 7 = g. What is the units digit of u?
9
Let o(a) = 11*a**2 - 12*a - 7. Let b(r) = -3*r**2 + 3*r + 2. Let x(q) = -9*b(q) - 2*o(q). What is the tens digit of x(3)?
3
Let t(q) = 302*q**2 - 9*q + 23. What is the thousands digit of t(2)?
1
Let y = 24 + 38. Let i = 7 + y. What is the units digit of i?
9
Let l be 27/2 - 12/8. What is the units digit of 126/l*4/6?
7
Suppose 0 = 2*b + 17 - 7. Let g be 8/2 - (30 + b). What is the units digit of 854/g*(-3)/2?
1
Let i(k) = 10*k + 3. Let q be i(4). Let a = -33 - -47. Let s = q - a. What is the units digit of s?
9
Let v(i) = 4*i - 15. Let w be (-558)/(-72) + (-2)/(-8). What is the units digit of v(w)?
7
Let q(u) = -1. Let x(k) = -22*k + 2. Let y(m) = 2*q(m) + x(m). What is the tens digit of y(-3)?
6
What is the tens digit of (-3347)/(-2) + 32/(-64)?
7
Suppose -3*u - a = -2158, -u + 355 = 2*a - 361. What is the hundreds digit of u?
7
Suppose -3*t + 43 - 13 = 0. Let l = 10 - t. Suppose l = 2*d + d - 4*z - 97, 0 = -d - 4*z + 11. What is the units digit of d?
7
Let n(u) = 5*u**3 + 10*u**2 + 26*u + 11. Let x(m) = 3*m**3 + 7*m**2 + 17*m + 7. Let q(w) = -5*n(w) + 8*x(w). What is the tens digit of q(5)?
5
Suppose -2*b = 4*b. What is the units digit of (55 + -4)/(b - -1)?
1
Suppose 0 = -18*r + 8556 + 30432. What is the thousands digit of r?
2
Let h = 12 + -12. Let i(p) = 2*p**2 - 6*p + 4. Let l be i(6). Suppose l = 4*f - h*f. What is the tens digit of f?
1
Let n = 17 - 75. Let u = 120 + n. Suppose 4*w = -2*r + 38, 5*w - w = 2*r - u. What is the tens digit of r?
2
Suppose -58*j + 183274 = 12232. What is the hundreds digit of j?
9
Suppose 20*u + 9141 = 31*u. What is the hundreds digit of u?
8
Suppose -2*x - 10 = -18. Let h be (-15 - 3)*-2 - 0. Suppose 3*q + x*w - 134 = 2*w, 5*w = -q + h. What is the tens digit of q?
4
Let j = 1885 + -1370. What is the tens digit of j?
1
Suppose 3*t - 404 = 5*t. Let n be t/18 - (-8)/36. Let b = 9 - n. What is the units digit of b?
0
Let p(m) = m**2 + m - 30. Let w be p(6). Suppose 0 = -0*i - 2*i + 72. What is the units digit of (-16)/(-6) + w/i?
3
Let f = -185 - -375. What is the units digit of f?
0
Let g = -1172 + 2148. Suppose 5*k - 13*k = -g. What is the hundreds digit of k?
1
Let t be 6/2*113 - 4. Suppose -5*k = -0*k - t. What is the tens digit of k?
6
Let w = -1361 - -2535. What is the hundreds digit of w?
1
Suppose -3*i - 19 = 23. What is the units digit of (-4)/i + (-888)/(-28)?
2
Let h be -3 + 7 + 1 + -1. Suppose h*g + 3*p = 984, -1265 = 4*g - 9*g + 5*p. Suppose 4*w = q - 45, -4*w + 33 = -4*q + g. What is the tens digit of q?
5
Let a(m) = 6*m + 3. Let t be a(-3). Let s be 3/2*(-10)/t. Suppose 9 = f + s. What is the units digit of f?
8
What is the tens digit of 547 - (-1)/(-1*4/(-16))?
5
Suppose 0 = 27*y - 28*y + 312. What is the units digit of y?
2
Suppose 0 = -0*s - 10*s - 230. Let o(b) = -8*b - 77. What is the tens digit of o(s)?
0
Let f(k) = 7*k + 22. What is the units digit of f(-2)?
8
Let c(w) = 68*w**3 + 0*w + 3*w**2 + 3*w**2 - 2 - 8*w**2 + 3*w. What is the units digit of c(1)?
7
Suppose 252 = d - 277. Suppose 4*u = -4*t + 266 + 170, 5*u + t = d. What is the hundreds digit of u?
1
Let a(w) = w**2 + 4*w + 17. Let j = 34 - 27. Let b be a(j). Suppose -y = y - 5*z - b, 0 = -4*z - 8. What is the units digit of y?
2
Suppose 0 = 9*d - 5*d - 8. Let f(a) = 90*a + 10. What is the hundreds digit of f(d)?
1
Suppose 5*u - 88 = -4*z, u + 4*z + 112 = 6*u. What is the tens digit of (56/u)/(6/150)?
7
Let l(q) = q**3 - 20*q**2 + 24*q - 4. Let b be l(19). Suppose 0 = 2*j - 3*j + b. What is the tens digit of j?
9
Suppose 0 = -5*l, 5*q - 5*l - 72 - 5088 = 0. What is the tens digit of q/72*(10 - 1)?
2
Let j = 130 + -109. Suppose -449 + 71 = -j*p. What is the units digit of p?
8
Let w(q) = q + 1. Let i be w(1). Let d = 6 - i. What is the units digit of (d/3)/((-7)/(-42))?
8
Let b(s) = -s - 1. Let j(v) = 5*v + 13. Let n(p) = 6*b(p) + j(p). Let k be n(3). Suppose 0 = -g, t - 3*g + k*g - 12 = 0. What is the tens digit of t?
1
Let n = -2 + 4. Let o(p) = -1 + 0*p**2 + 2*p + 6*p**2 - 1 + p**n. What is the tens digit of o(-2)?
2
Suppose -2690 + 602 = -h. What is the thousands digit of h?
2
Let s = -95 + 98. Suppose -207 = -g + 4*i, s*i + 815 = 3*g + g. What is the units digit of g?
3
Let y be 1 + -1 + -3 + 6. Let p(f) = -9*f + 2*f**3 - 8*f**2 - 7 - 6*f**y + 3*f**3. What is the units digit of p(-7)?
7
Suppose 4*a + 4596 = 5*v, -2*a - 2959 - 1639 = -5*v. What is the tens digit of v?
2
What is the tens digit of (-4884)/(-21) + (-48)/(-112)?
3
Let z = -24 + 24. Suppose -3*a + 38 - 17 = z. Suppose 2*s = c + 13, -3*c - a = -2*s - 4*c. What is the units digit of s?
5
Let m(f) be the third derivative of f**4/3 + 2*f**3/3 - f**2. Let l be m(5). Suppose -l = -7*d + 3*d. What is the tens digit of d?
1
Let p = 17 - 15. Suppose n + p = -0. What is the tens digit of n/4*-54 + 0?
2
Let h = 430 + -281. Let i = h + -26. What is the hundreds digit of i?
1
Let k be (2 - -1)*2/3. Suppose 0 = -b + k*b + 6. What is the tens digit of (b + 0)*(-6 - -4)?
1
Let j = 13 + -3. Suppose -d = -4, 3*z - 5*d + j*d - 32 = 0. Suppose -11 = -l - n + 14, -z*l - 2*n = -90. What is the units digit of l?
0
Suppose 0 = 6*w - 3*w - 6, 277 = 3*h - 4*w. Suppose x = 2*c + 59, 130 = 4*x + 3*c - h. What is the units digit of x?
7
Let w be (-6)/(-4)*600/36. Suppose 3 = j - 2, 4*z = 5*j - 29. What is the tens digit of w*(2 + z) + -2?
2
Suppose 1 + 50 = 17*d. Let i = d - -9. What is the tens digit of i?
1
Suppose 4*j + 2*l - 34 = 4*l, 2*j - 23 = 3*l. Suppose -2*f + j*f = 20. What is the units digit of -1 - (-3 - f*10)?
2
Let i = -23 + 28. What is the units digit of 99/15 - i/(50/6)?
6
Suppose 0 = -2*n - 4*p + 22, n = -2*p + p + 13. Let t(c) = c**2 + 2*c - 2. Let u be t(-5). Let a = n - u. What is the units digit of a?
2
Let s be 21/2*2/(-3) - -3. Let d(l) = -l**3 - 3*l**2 - 5*l - 6. What is the units digit of d(s)?
0
Let h(i) = -i**3 + 7*i - 4. Let w be h(2). Suppose 4*k = 4*q + 604, 478 = w*k + k + 2*q. What is the units digit of k?
6
Suppose 59*u = 30227 + 93437. What is the units digit of u?
6
Let u(k) = -19*k - 3. What is the hundreds digit of u(-16)?
3
Let r(v) = 87*v**2 - 10*v - 22. What is the units digit of r(-3)?
1
Suppose 3*o - 10 = 2. Let t(n) = 134*n**2 + 7 + n - 131*n**2 - 8*n. What is the units digit of t(o)?
7
Let q = 5238 + -3363. What is the thousands digit of q?
1
Suppose -f - 2*m = -217, -m + 2*m + 1041 = 5*f. What is the hundreds digit of f?
2
Let q(r) = -r**2 - 4*r - 1. Let c be q(-4). Let b(n) = 16*n + 2. Let p be b(c). What is the units digit of (-1)/((-2)/4) - p?
6
Let b = -18 + 14. What is the units digit of (-4 + 4)/b - -7?
7
Let m(h) = h**2 - 5*h - 5. Let g be m(7). Let f be 2/(g/4 + -2). Suppose -d + 9 = -f. What is the units digit of d?
7
Let q be ((-70)/(-21))/((-1)/(-3)). Suppose -4*r - r = -q. Suppose 73 = 3*s + 5*t, -7*t = -s - r*t + 51. What is the units digit of s?
1
Let h(u) = 7*u**3 + 4*u - 9. Let r(n) = 6*n**3 + n**2 + 3*n - 8. Let g(l) = -5*h(l) + 6*r(l). What is the units digit of 